rs of 0 + (o - (-11 - 1))?
2, 3
Let q(k) = k**2 + 1. Let o(g) = g**2 + 8*g - 10. Let s be o(-9). Let h be q(s). Suppose 0 = -4*m - 12, 2*l - h*m = -2*l + 174. What are the prime factors of l?
2, 3, 7
Let x(o) = 3*o - 2. Let l be x(6). What are the prime factors of (12/l)/(3/60)?
3, 5
Let d(f) be the second derivative of 13*f**3/6 - 3*f**2/2 - 10*f. Let o be d(11). Suppose o = 9*s - 5*s. What are the prime factors of s?
5, 7
Suppose 59*s - 55*s - 1992 = 0. List the prime factors of s.
2, 3, 83
Let g = -150 + 3993. What are the prime factors of g?
3, 7, 61
Let w(n) = 2*n**2 - 24*n - 10. Let y be w(12). What are the prime factors of ((-24)/y)/((-3)/(-160))?
2
Suppose -4*b - 3*i + 1180 - 55 = 0, 0 = -4*i + 12. Suppose -c + 93 = 2*n, -n - b = -3*c + 4*n. What are the prime factors of c?
3, 31
Let l(k) = -8*k - 52. List the prime factors of l(-11).
2, 3
Let a(q) = 100*q - 26. What are the prime factors of a(45)?
2, 2237
Let g(a) = -16*a - 3 + a**2 + 16 + 4 + 0*a**2. Let w be g(15). Suppose -16 = -4*y, 9 + 7 = w*q - y. List the prime factors of q.
2, 5
Suppose -23 = -4*b - 39. List the prime factors of -1*(299/b)/(11/44).
13, 23
Let a = 3029 - 1300. What are the prime factors of a?
7, 13, 19
Suppose 4*p = u - 23 + 5, 4*u = -8. List the prime factors of (-4)/(-3) - ((-1460)/12 + p).
2
Suppose 0 = -3*q - 5*m + 277, 3*m = -5*q + 3 + 464. Let u = q + -26. List the prime factors of u.
2, 17
Let f(z) = -2*z**3 - 13*z**2 + 23*z - 14. What are the prime factors of f(-11)?
2, 3, 137
Let y(s) = s**2 + 14*s - 5. Let t be y(-14). Let x be ((-126)/15 - -2)*t. Suppose -5*g = -3*c - 80 - 21, 4*c = 2*g - x. What are the prime factors of g?
2, 11
Let m = 83 + -6. Let t = m + -10. What are the prime factors of t?
67
Let y be ((-6)/4)/(5/(-10)). What are the prime factors of 1*y*(15 - -4)?
3, 19
Suppose 0 = 5*g + 15, -3*g - g + 18 = 3*c. Let d(j) = 2*j - j + 8*j**2 + 14*j**3 - c*j**2. List the prime factors of d(1).
13
Let t be (792/3)/1*18/24. What are the prime factors of t/(-18)*1/((-1)/7)?
7, 11
Let f(k) = k**2 + 6*k + 1. Let r be f(-4). Let h be (-8)/(((-14)/(-16))/r). Let m = h + -7. What are the prime factors of m?
3, 19
Suppose b - 410 = -9*b. List the prime factors of b.
41
Suppose 5*l - 4*z = 5933, 1445 - 250 = l - 5*z. List the prime factors of l.
3, 5, 79
Suppose -3 = -c + 3*l, 0*c - 3*l + 87 = 5*c. Suppose -4*i + c = 7. Suppose -h + 34 = 3*d, -14 = -d - 5*h + i*h. What are the prime factors of d?
11
Let o = 352 - -110. List the prime factors of o.
2, 3, 7, 11
Let m be 30/(-2)*1121/(-57). Let p = 507 - m. List the prime factors of p.
2, 53
Suppose 0 = -4*m - 144 - 116. Let v = -31 - m. List the prime factors of v.
2, 17
Suppose 0 = 166*z - 162*z - 6352. List the prime factors of z.
2, 397
Let t be 259/3 - 6/(-9). Suppose -t = c - 4*c. What are the prime factors of c?
29
Suppose 5*t + 803 = k - 213, -25 = -5*t. List the prime factors of k.
3, 347
Let v = 21 + -17. Let i(o) = -8 - 1 + 2 - v*o - 13*o. List the prime factors of i(-3).
2, 11
Suppose b + 780 = -5*b. What are the prime factors of 30/4*(-416)/b?
2, 3
Suppose -5*n + 3*v + 27 = 0, 2*n - v + 1 = 11. Let w(m) = 8*m**2 - 3*m - 3. What are the prime factors of w(n)?
2, 3, 5
Let m be (5/(-3))/((0 + 1)/(-6)). Suppose -m = 5*x, -6*x + 688 = 4*z - 2*x. What are the prime factors of z?
2, 3, 29
Let z(d) = 57*d - 19. List the prime factors of z(13).
2, 19
Suppose -70 = -2*i - 2*l - 3*l, 8 = 2*l. Suppose 0 = -5*b + i. Suppose 0 = 4*s + h + 4*h - 138, 5*s - b*h - 150 = 0. What are the prime factors of s?
2
Let n(v) = 10*v**2 - 9*v - 117. List the prime factors of n(-13).
2, 5, 13
Let q(z) = -4 + 0*z**3 - z**3 + 3*z**2 + 0*z**3. Let k be q(3). What are the prime factors of (-208)/k + 0/2?
2, 13
Suppose -1 + 51 = -2*n. Let f = 12 + n. Let k = f + 59. List the prime factors of k.
2, 23
Let v(c) = 59*c**2 - 19*c - 273. What are the prime factors of v(-9)?
3, 1559
Suppose -2*d - d - 2*x - 54 = 0, -4*d - 3*x - 72 = 0. Suppose p + 3*p - 176 = -4*i, -4*p + 2*i + 146 = 0. Let q = p + d. List the prime factors of q.
3, 7
Let m = -6447 - -9427. What are the prime factors of m?
2, 5, 149
Suppose 0 = -14*y + 9*y + 290. Suppose -5*h = 14 + 126. Let j = y + h. What are the prime factors of j?
2, 3, 5
Suppose -j = 4*j + 295. Let m = 137 + j. List the prime factors of m.
2, 3, 13
Let d(x) = -x**2 - 11*x - 6. Let s be d(-8). Suppose s - 114 = -2*a. List the prime factors of (-9)/24 - (-1794)/a.
37
Let r = 153 - -927. Suppose 0 = -11*i + 2*i + r. List the prime factors of i.
2, 3, 5
Suppose 131 = 2*b - 167. List the prime factors of b.
149
Let r = 30 + -27. Suppose 0 = u - c - 1 + 2, -r*u + 2*c - 2 = 0. Suppose -5*o + 3*w + 220 = u, 2*w = 9 + 1. What are the prime factors of o?
47
Let a(v) be the second derivative of 7*v**3/6 - 9*v. Suppose -b - 2 = -6. What are the prime factors of a(b)?
2, 7
Suppose 0 = -3*w + 25 + 80. Let x = w - -47. What are the prime factors of x?
2, 41
Suppose 78*m + 80300 = 100*m. List the prime factors of m.
2, 5, 73
List the prime factors of 682 - (-14)/(-7) - 7.
673
Suppose 5*j - 708 = -4*n + 1146, -5*n - 20 = 0. What are the prime factors of j?
2, 11, 17
Let h(w) = 1224*w - 50. What are the prime factors of h(3)?
2, 1811
Suppose -53*m + 51*m + 4 = 0. Suppose m*l - 222 - 50 = 0. List the prime factors of l.
2, 17
Suppose -2*d - q + 13 = 0, 5*q + 19 = -3*d + 5*d. What are the prime factors of d?
7
Let r = 60 + 107. Suppose 0 = m - 5, 2*f + m = 6*m + r. List the prime factors of f.
2, 3
Let q(x) be the second derivative of x**4/12 - 5*x**3/6 + 2*x**2 + 5*x. Let h be q(5). Let t(u) = u**3 + u**2 - 4*u. What are the prime factors of t(h)?
2
Suppose 0 = 3*b - 281 - 229. List the prime factors of b.
2, 5, 17
Let r(b) = -b**2 + 11*b - 7. Let z be r(10). What are the prime factors of z/(-3 + (-468)/(-152))?
2, 19
Let a(u) = u - 5. Let m be a(8). Let c(n) be the second derivative of n**4/2 - 2*n**3/3 + 2*n**2 + 88*n. List the prime factors of c(m).
2, 23
Let j(f) = f**2 + 10*f + 29. Let r be j(-6). Let g(s) = 9*s**2 - s + 11. List the prime factors of g(r).
3, 7, 11
Let c(l) be the first derivative of l**4/6 + l**3/6 + l**2 - 4*l - 6. Let z(x) be the first derivative of c(x). What are the prime factors of z(-4)?
2, 3, 5
Suppose -f + 354 = d, -f = 6*d - 2*d - 351. List the prime factors of f.
5, 71
Suppose 0 = 4*g - g + 21. Let z(y) = y + 10. Let c be z(g). What are the prime factors of (57 - 3)*2/c?
2, 3
Suppose 5*v + 0*v - 50 = 0. What are the prime factors of ((-24)/v)/((-24)/420)?
2, 3, 7
Let n be (4 - (-24)/(-10))*(-40)/(-16). Suppose -174 = 5*i - 914. Suppose 0*x + d = -5*x + 182, -n*x + i = 2*d. What are the prime factors of x?
2, 3
What are the prime factors of (36/(-48))/(1 + 1719/(-1716))?
3, 11, 13
Suppose 0 = 5*t + f - 24300, 14*t - 15*t + 3*f + 4860 = 0. What are the prime factors of t?
2, 3, 5
Suppose 0*d + 362 = 5*i + 3*d, 0 = -4*i + d + 276. List the prime factors of i.
2, 5, 7
Suppose -54*z = -11820 - 60. What are the prime factors of z?
2, 5, 11
Let c(b) = 107*b**3 + 6*b**2 - 9*b + 5. What are the prime factors of c(2)?
3, 17
Let h(l) = -2*l - 31. Let i be h(9). Let u = 59 + i. List the prime factors of u.
2, 5
Let q(x) = x + 18. What are the prime factors of q(-6)?
2, 3
Let z(o) = 585*o - 2 + 2 - 588*o - 2. What are the prime factors of z(-25)?
73
Let q be (-88)/(-12)*18/12. Suppose 0 = -w + q*w - 890. List the prime factors of w.
89
Let v be 6/4 - 24/16. Suppose 3*u - o - 8 = 0, v = -2*u - 0*u + 2*o + 4. What are the prime factors of u - 6/3 - -24?
5
Suppose -26 = q - 29. List the prime factors of 3 - (q + 0) - -30.
2, 3, 5
Let w(f) = -f**3 - 3*f**2 + 2*f + 1. Let h be w(-8). Suppose -y = 4*a - h, 4*y - 103 = -3*a + 116. What are the prime factors of a?
7, 11
Let j = 25 - 29. Let g(i) = 3*i**2 + 6*i + 14. What are the prime factors of g(j)?
2, 19
Let b(o) = 333*o - 209. What are the prime factors of b(9)?
2, 17, 41
Let j be (-2)/(-3)*(17*-1 + 2). List the prime factors of ((-32)/j)/(12/570).
2, 19
List the prime factors of 0/(-2) + (-9 - -875).
2, 433
Let o(u) = u**2 - u. Let q be o(-1). Suppose 5*k - 46 = -y, -7*k + 25 = -q*k. What are the prime factors of y?
3, 7
Let o(i) = 153*i - 63. List the prime factors of o(7).
2, 3, 7
Let p be 0 + 5 + 7 + -7. Suppose 9 - 69 = -p*n. Suppose d - 2*